culate the remainder when 7637948 is divided by 10506.
86
What is the remainder when 4814993 is divided by 261?
65
Calculate the remainder when 7310234 is divided by 535.
529
Calculate the remainder when 2711782 is divided by 10272.
10246
What is the remainder when 192984 is divided by 2299?
2167
What is the remainder when 7586193 is divided by 2528715?
48
What is the remainder when 4731594 is divided by 3490?
2644
Calculate the remainder when 15447 is divided by 6729.
1989
What is the remainder when 223314 is divided by 1131?
507
What is the remainder when 820458 is divided by 39064?
114
What is the remainder when 4922973 is divided by 230?
53
What is the remainder when 1060878 is divided by 1130?
938
What is the remainder when 935747 is divided by 2369?
2361
Calculate the remainder when 1297418 is divided by 259479.
23
What is the remainder when 40087 is divided by 23?
21
What is the remainder when 16892028 is divided by 128?
124
What is the remainder when 1508199 is divided by 254?
201
What is the remainder when 820400 is divided by 8370?
140
What is the remainder when 14147157 is divided by 6364?
6349
What is the remainder when 7225719 is divided by 1019?
1009
Calculate the remainder when 641025 is divided by 11870.
45
Calculate the remainder when 146136 is divided by 73057.
22
Calculate the remainder when 16689119 is divided by 99934.
141
Calculate the remainder when 283816 is divided by 21798.
442
What is the remainder when 1095690 is divided by 28094?
24
Calculate the remainder when 11782092 is divided by 187017.
21
Calculate the remainder when 771589 is divided by 3049.
192
What is the remainder when 178082 is divided by 1098?
206
Calculate the remainder when 709693 is divided by 3257.
2924
What is the remainder when 3859252 is divided by 1843?
10
What is the remainder when 565706 is divided by 370?
346
What is the remainder when 10140672 is divided by 676030?
222
Calculate the remainder when 2651847 is divided by 114.
93
What is the remainder when 757242 is divided by 116?
110
What is the remainder when 106935 is divided by 7031?
1470
What is the remainder when 5313460 is divided by 590384?
4
What is the remainder when 13000 is divided by 1412?
292
Calculate the remainder when 2637451 is divided by 34703.
23
What is the remainder when 46096305 is divided by 15365398?
111
What is the remainder when 510777 is divided by 551?
0
What is the remainder when 49839606 is divided by 1607729?
7
What is the remainder when 54153553 is divided by 428?
425
Calculate the remainder when 32307 is divided by 1770.
447
Calculate the remainder when 16350984 is divided by 726.
12
What is the remainder when 83424 is divided by 27136?
2016
What is the remainder when 27632 is divided by 3610?
2362
Calculate the remainder when 301349 is divided by 33481.
20
Calculate the remainder when 25309147 is divided by 1673.
3
Calculate the remainder when 130451 is divided by 2037.
83
What is the remainder when 142402 is divided by 34790?
3242
What is the remainder when 742562 is divided by 74253?
32
Calculate the remainder when 7619 is divided by 121.
117
What is the remainder when 488070 is divided by 121138?
3518
What is the remainder when 306270 is divided by 37915?
2950
Calculate the remainder when 18773438 is divided by 203.
201
Calculate the remainder when 46638 is divided by 672.
270
Calculate the remainder when 1217975 is divided by 20.
15
What is the remainder when 141264 is divided by 821?
52
What is the remainder when 7432 is divided by 7427?
5
What is the remainder when 80524 is divided by 8660?
2584
What is the remainder when 1361065 is divided by 104697?
4
Calculate the remainder when 31124604 is divided by 14772.
0
What is the remainder when 15792993 is divided by 14?
13
Calculate the remainder when 260260 is divided by 913.
55
Calculate the remainder when 64663039 is divided by 1580.
1539
What is the remainder when 990743 is divided by 165114?
59
Calculate the remainder when 387444 is divided by 2919.
2136
What is the remainder when 11964 is divided by 21?
15
Calculate the remainder when 34646950 is divided by 1447.
1429
Calculate the remainder when 90310499 is divided by 90.
89
What is the remainder when 8665968 is divided by 15785?
3
What is the remainder when 22760511 is divided by 32?
31
Calculate the remainder when 3788387 is divided by 947058.
155
Calculate the remainder when 10551387 is divided by 5275653.
81
Calculate the remainder when 949643 is divided by 650.
643
What is the remainder when 93973 is divided by 2334?
613
Calculate the remainder when 224879 is divided by 6899.
4111
What is the remainder when 29392 is divided by 9752?
136
What is the remainder when 14678642 is divided by 4892878?
8
What is the remainder when 15331880 is divided by 567847?
11
Calculate the remainder when 24751044 is divided by 1621.
1616
What is the remainder when 10426 is divided by 1804?
1406
What is the remainder when 18034921 is divided by 227?
225
Calculate the remainder when 34504084 is divided by 262.
256
Calculate the remainder when 937707 is divided by 39.
30
Calculate the remainder when 295749 is divided by 398.
35
What is the remainder when 338859 is divided by 6246?
1575
What is the remainder when 649126 is divided by 563?
550
What is the remainder when 1794269 is divided by 448566?
5
Calculate the remainder when 6595683 is divided by 902.
259
What is the remainder when 12540990 is divided by 11?
0
What is the remainder when 41923870 is divided by 7196?
7170
Calculate the remainder when 89959737 is divided by 87.
84
Calculate the remainder when 317082 is divided by 105693.
3
Calculate the remainder when 16610 is divided by 7589.
1432
Calculate the remainder when 4587877 is divided by 1146956.
53
Calculate the remainder when 1979828 is divided by 845.
838
Calculate the remainder when 41494 is divided by 1721.
190
Calculate the remainder when 4002 is divided by 3656.
346
Calculate the remainder when 178554 is divided by 191.
160
Calculate the remainder when 9530095 is divided by 156231.
4
What is the remainder when 580282 is divided by 263?
104
Calculate the remainder when 31669 is divided by 15465.
739
Calculate the remainder when 4431639 is divided by 606.
567
What is the remainder when 230744 is divided by 57528?
632
What is the remainder when 2795769 is divided by 29429?
14
What is the remainder when 963906 is divided by 25362?
150
Calculate the remainder when 24376 is divided by 225.
76
Calculate the remainder when 58226224 is divided by 492.
484
Calculate the remainder when 485572 is divided by 53942.
94
What is the remainder when 2700364 is divided by 675078?
52
What is the remainder when 329080 is divided by 2455?
110
Calculate the remainder when 752540 is divided by 8744.
556
What is the remainder when 1033894 is divided by 68842?
1264
What is the remainder when 62831663 is divided by 479631?
2
What is the remainder when 20306248 is divided by 171?
169
Calculate the remainder when 7322518 is divided by 1485.
1468
Calculate the remainder when 85760421 is divided by 6264.
6261
What is the remainder when 124515 is divided by 8271?
450
What is the remainder when 107823 is divided by 6339?
60
What is the remainder when 6131846 is divided by 766480?
6
What is the remainder when 42645139 is divided by 21?
19
Calculate the remainder when 514986 is divided by 1534.
1096
Calculate the remainder when 520563 is divided by 260230.
103
What is the remainder when 6205171 is divided by 2068383?
22
What is the remainder when 314432 is divided by 752?
96
What is the remainder when 520900 is divided by 86814?
16
What is the remainder when 20210587 is divided by 50?
37
Calculate the remainder when 35339743 is divided by 23.
13
Calculate the remainder when 14278414 is divided by 5498.
108
Calculate the remainder when 416435 is divided by 3752.
3715
Calculate the remainder when 4497538 is divided by 31.
27
Calculate the remainder when 3993557 is divided by 1996612.
333
What is the remainder when 68608 is divided by 9365?
3053
Calculate the remainder when 2665898 is divided by 2265.
2258
Calculate the remainder when 1658547 is divided by 5036.
1703
What is the remainder when 91175 is divided by 8258?
337
Calculate the remainder when 2578166 is divided by 163.
158